inder when 134 is divided by 89?
45
What is the remainder when 384 is divided by 36?
24
Calculate the remainder when 125 is divided by 26.
21
What is the remainder when 188 is divided by 79?
30
What is the remainder when 162 is divided by 152?
10
Calculate the remainder when 132 is divided by 45.
42
Calculate the remainder when 87 is divided by 2.
1
What is the remainder when 291 is divided by 216?
75
What is the remainder when 913 is divided by 58?
43
Calculate the remainder when 5194 is divided by 40.
34
Calculate the remainder when 1939 is divided by 141.
106
What is the remainder when 11207 is divided by 118?
115
What is the remainder when 113 is divided by 19?
18
Calculate the remainder when 337 is divided by 164.
9
Calculate the remainder when 922 is divided by 84.
82
Calculate the remainder when 1058 is divided by 38.
32
Calculate the remainder when 910 is divided by 225.
10
Calculate the remainder when 40 is divided by 24.
16
What is the remainder when 90 is divided by 84?
6
What is the remainder when 1017 is divided by 328?
33
Calculate the remainder when 1252 is divided by 42.
34
What is the remainder when 10 is divided by 3?
1
Calculate the remainder when 320 is divided by 102.
14
What is the remainder when 3946 is divided by 1965?
16
Calculate the remainder when 133 is divided by 17.
14
What is the remainder when 565 is divided by 16?
5
What is the remainder when 504 is divided by 22?
20
Calculate the remainder when 209 is divided by 72.
65
Calculate the remainder when 18177 is divided by 45.
42
Calculate the remainder when 27 is divided by 6.
3
Calculate the remainder when 492 is divided by 253.
239
Calculate the remainder when 1204 is divided by 55.
49
Calculate the remainder when 359 is divided by 23.
14
What is the remainder when 7679 is divided by 2558?
5
What is the remainder when 339 is divided by 5?
4
Calculate the remainder when 211 is divided by 43.
39
Calculate the remainder when 2269 is divided by 325.
319
What is the remainder when 1172 is divided by 31?
25
Calculate the remainder when 50 is divided by 5.
0
Calculate the remainder when 6459 is divided by 3228.
3
What is the remainder when 290 is divided by 26?
4
What is the remainder when 684 is divided by 49?
47
Calculate the remainder when 719 is divided by 12.
11
Calculate the remainder when 238 is divided by 73.
19
What is the remainder when 63 is divided by 11?
8
What is the remainder when 242 is divided by 120?
2
Calculate the remainder when 625 is divided by 14.
9
What is the remainder when 603 is divided by 22?
9
Calculate the remainder when 60 is divided by 18.
6
Calculate the remainder when 448 is divided by 108.
16
What is the remainder when 538 is divided by 287?
251
Calculate the remainder when 460 is divided by 11.
9
What is the remainder when 946 is divided by 13?
10
What is the remainder when 8982 is divided by 58?
50
What is the remainder when 2631 is divided by 81?
39
Calculate the remainder when 893 is divided by 36.
29
Calculate the remainder when 372 is divided by 5.
2
What is the remainder when 2051 is divided by 15?
11
What is the remainder when 301 is divided by 296?
5
What is the remainder when 155 is divided by 30?
5
What is the remainder when 261 is divided by 3?
0
Calculate the remainder when 428 is divided by 16.
12
Calculate the remainder when 204 is divided by 200.
4
What is the remainder when 858 is divided by 7?
4
What is the remainder when 417 is divided by 10?
7
Calculate the remainder when 65 is divided by 51.
14
Calculate the remainder when 9084 is divided by 14.
12
What is the remainder when 1923 is divided by 201?
114
What is the remainder when 8907 is divided by 59?
57
What is the remainder when 284 is divided by 69?
8
Calculate the remainder when 686 is divided by 226.
8
Calculate the remainder when 741 is divided by 62.
59
What is the remainder when 14616 is divided by 10?
6
Calculate the remainder when 885 is divided by 27.
21
Calculate the remainder when 138 is divided by 43.
9
What is the remainder when 95 is divided by 44?
7
What is the remainder when 3667 is divided by 1220?
7
What is the remainder when 188 is divided by 95?
93
What is the remainder when 532 is divided by 291?
241
What is the remainder when 84 is divided by 34?
16
Calculate the remainder when 173 is divided by 39.
17
Calculate the remainder when 256 is divided by 77.
25
What is the remainder when 265 is divided by 7?
6
Calculate the remainder when 69 is divided by 63.
6
What is the remainder when 82 is divided by 47?
35
What is the remainder when 137 is divided by 10?
7
What is the remainder when 548 is divided by 55?
53
Calculate the remainder when 302 is divided by 22.
16
Calculate the remainder when 253 is divided by 15.
13
Calculate the remainder when 622 is divided by 7.
6
What is the remainder when 206 is divided by 108?
98
What is the remainder when 4899 is divided by 35?
34
What is the remainder when 916 is divided by 130?
6
Calculate the remainder when 855 is divided by 108.
99
What is the remainder when 486 is divided by 12?
6
Calculate the remainder when 818 is divided by 7.
6
What is the remainder when 2791 is divided by 558?
1
What is the remainder when 163 is divided by 5?
3
What is the remainder when 353 is divided by 31?
12
What is the remainder when 913 is divided by 196?
129
Calculate the remainder when 526 is divided by 117.
58
Calculate the remainder when 733 is divided by 205.
118
Calculate the remainder when 996 is divided by 327.
15
Calculate the remainder when 139 is divided by 36.
31
Calculate the remainder when 1574 is divided by 92.
10
Calculate the remainder when 1703 is divided by 31.
29
What is the remainder when 4348 is divided by 136?
132
Calculate the remainder when 198 is divided by 36.
18
What is the remainder when 1093 is divided by 542?
9
What is the remainder when 1008 is divided by 260?
228
Calculate the remainder when 1376 is divided by 13.
11
What is the remainder when 131 is divided by 9?
5
Calculate the remainder when 35797 is divided by 179.
176
Calculate the remainder when 42 is divided by 12.
6
Calculate the remainder when 280 is divided by 166.
114
What is the remainder when 37 is divided by 21?
16
Calculate the remainder when 5309 is divided by 15.
14
Calculate the remainder when 22114 is divided by 194.
192
Calculate the remainder when 313 is divided by 77.
5
What is the remainder when 2298 is divided by 48?
42
What is the remainder when 957 is divided by 24?
21
What is the remainder when 2166 is divided by 9?
6
Calculate the remainder when 133 is divided by 49.
35
Calculate the remainder when 2056 is divided by 54.
4
What is the remainder when 27 is divided by 18?
9
Calculate the remainder when 163 is divided by 56.
51
What is the remainder when 232 is divided by 30?
22
Calculate the remainder when 641 is divided by 14.
11
Calculate the remainder when 8974 is divided by 48.
46
What is the remainder when 420 is divided by 419?
1
Calculate the remainder when 842 is divided by 208.
10
Calculate the remainder when 219 is divided by 55.
54
What is the remainder when 3344 is divided by 1073?
125
Calculate the remainder when 2679 is divided by 78.
27
What is the remainder when 467 is divided by 71?
41
Calculate the remainder when 941 is divided by 37.
16
What is the remainder when 1017 is divided by 84?
9
What is the remainder when 1247 is divided by 78?
77
Calculate the remainder when 811 is divided by 102.
97
What is the remainder when 5876 is divided by 9?
8
Calculate the remainder when 2746 is divided by 50.
46
Calculate the remainder when 1660 is divided by 42.
22
Calculate the remainder when 370 is divided by 116.
22
Calculate the remainder when 5760 is divided by 22.
18
What is the remainder when 132 is divided by 3?
0
Calculate the remainder when 319 is divided by 8.
7
Calculate the remainder when 1764 is divided by 836.
92
What is the remainder when 424 is divided by 22?
6
Calculate the remainder when 339 is divided by 31.
29
What is the remainder when 5230 is divided by 30?
10
What is the remainder when 46 is divided by 18?
10
Calculate the remainder when 1069 is divided by 81.
16
Calculate the remainder when 736 is divided by 669.
67
What is the remainder when 81 is divided by 3?
0
What is the rema